{"id":19,"date":"2021-03-19T07:51:22","date_gmt":"2021-03-19T07:51:22","guid":{"rendered":"http:\/\/localhost:8888\/luxia\/?page_id=19"},"modified":"2026-04-03T15:00:26","modified_gmt":"2026-04-03T15:00:26","slug":"hakkimizda","status":"publish","type":"page","link":"https:\/\/caglagogusbeautystudio.com\/?page_id=19","title":{"rendered":"Hakk\u0131m\u0131zda"},"content":{"rendered":"\t\t<div data-elementor-type=\"wp-page\" data-elementor-id=\"19\" class=\"elementor elementor-19\" data-elementor-post-type=\"page\">\n\t\t\t\t\t\t<section class=\"elementor-section elementor-top-section elementor-element elementor-element-84b85a0 elementor-section-full_width elementor-section-height-default elementor-section-height-default\" data-id=\"84b85a0\" data-element_type=\"section\" data-e-type=\"section\">\n\t\t\t\t\t\t<div class=\"elementor-container elementor-column-gap-no\">\n\t\t\t\t\t<div class=\"elementor-column elementor-col-100 elementor-top-column elementor-element elementor-element-e559c7d\" data-id=\"e559c7d\" data-element_type=\"column\" data-e-type=\"column\">\n\t\t\t<div class=\"elementor-widget-wrap\">\n\t\t\t\t\t\t\t<\/div>\n\t\t<\/div>\n\t\t\t\t\t<\/div>\n\t\t<\/section>\n\t\t\t\t<section class=\"elementor-section elementor-top-section elementor-element elementor-element-a989436 elementor-section-full_width elementor-section-height-default elementor-section-height-default\" data-id=\"a989436\" data-element_type=\"section\" data-e-type=\"section\">\n\t\t\t\t\t\t<div class=\"elementor-container elementor-column-gap-no\">\n\t\t\t\t\t<div class=\"elementor-column elementor-col-100 elementor-top-column elementor-element elementor-element-e756ed0\" data-id=\"e756ed0\" data-element_type=\"column\" data-e-type=\"column\">\n\t\t\t<div class=\"elementor-widget-wrap elementor-element-populated\">\n\t\t\t\t\t\t<div class=\"elementor-element elementor-element-74f65a9 elementor-widget elementor-widget-Elementor-client-widget\" data-id=\"74f65a9\" data-element_type=\"widget\" data-e-type=\"widget\" data-widget_type=\"Elementor-client-widget.default\">\n\t\t\t\t<div class=\"elementor-widget-container\">\n\t\t\t\t\t\r\n\r\n\r\n\r\n<!-- client-area -->\r\n\r\n\r\n<section id=\"client\" class=\"about-area about-p pt-120 pb-120 p-relative\">\r\n<div class=\"container\">\r\n<div class=\"row align-items-center\">                                                \r\n<div class=\"col-lg-6 col-md-12 col-sm-12\">\r\n        <div class=\"about-content s-about-content\">\r\n            <div class=\"about-title second-atitle pb-40\">    \r\n                <h2>Vizyonumuz<\/h2>\r\n                 <span class=\"line\"> <img decoding=\"async\" src=\"https:\/\/wpdemo.zcubethemes.com\/luxia\/wp-content\/uploads\/2021\/03\/circle_right2.png\" alt=\"https:\/\/wpdemo.zcubethemes.com\/luxia\/wp-content\/uploads\/2021\/03\/circle_right2.png\"><\/span>\r\n                <p>Kal\u0131c\u0131 makyaj ve g\u00fczellik sekt\u00f6r\u00fcnde do\u011fall\u0131\u011f\u0131, esteti\u011fi ve profesyonelli\u011fi en \u00fcst seviyede temsil eden, g\u00fcvenilir ve g\u00fc\u00e7l\u00fc bir marka olmak. M\u00fc\u015fterilerimizin do\u011fal g\u00fczelli\u011fini \u00f6n plana \u00e7\u0131karan, ki\u015fiye \u00f6zel uygulamalarla fark yaratan ve her zaman y\u00fcksek kalite standartlar\u0131n\u0131 koruyan bir hizmet anlay\u0131\u015f\u0131yla sekt\u00f6rde \u00f6nc\u00fc konumda yer almak.<\/p>\n<p>Yenilik\u00e7i teknikleri, uluslararas\u0131 e\u011fitimleri ve modern uygulamalar\u0131 yak\u0131ndan takip ederek s\u00fcrekli geli\u015fen; hem T\u00fcrkiye\u2019de hem de uluslararas\u0131 platformlarda tan\u0131nan, g\u00fcvenilen ve tercih edilen bir g\u00fczellik markas\u0131 haline gelmek. Sekt\u00f6rde ilham veren, trendleri belirleyen ve sundu\u011fu hizmet kalitesiyle fark yaratarak kal\u0131c\u0131 ba\u015far\u0131 elde eden bir marka olmay\u0131 hedeflemek.<\/p>            <\/div>                    \r\n            <div class=\"row ab-coutner text-center\">\r\n                <div class=\"col-lg-6 col-md-6\">\r\n                    <div class=\"single-counter\" style=\"background-image: url(https:\/\/wpdemo.zcubethemes.com\/luxia\/wp-content\/uploads\/2021\/03\/count-bx-bg.png); background-repeat: no-repeat;background-position: center bottom;\">\t\r\n                        <div class=\"counter p-relative\">\r\n                            <span class=\"count\">4871<\/span><small>+<\/small>                                   \r\n                        <\/div>\r\n                        <p>Dan\u0131\u015fan\u0131m\u0131z<\/p>                                \r\n                    <\/div>\r\n                <\/div>\r\n                <div class=\"col-lg-6 col-md-6\">\r\n                <div class=\"single-counter mt-30\" style=\"background-image: url(https:\/\/wpdemo.zcubethemes.com\/luxia\/wp-content\/uploads\/2021\/03\/count-bx-bg.png); background-repeat: no-repeat;background-position: center bottom;\">\t\r\n                        <div class=\"counter p-relative\">\r\n                            <span class=\"count\">8798<\/span><small>+<\/small>                                   \r\n                        <\/div>\r\n                        <p>Memnuniyet<\/p>\r\n                    <\/div>\r\n                <\/div>\r\n            <\/div>                      \r\n        <\/div>\r\n    <\/div>\r\n     <div class=\"col-lg-6 col-md-12 col-sm-12 pr-30\">\r\n        <div class=\"s-about-img p-relative\">\r\n              <img decoding=\"async\" src=\"https:\/\/caglagogusbeautystudio.com\/wp-content\/uploads\/2026\/04\/Calisma-yuzeyi-1.png\" alt=\"https:\/\/caglagogusbeautystudio.com\/wp-content\/uploads\/2026\/04\/Calisma-yuzeyi-1.png\">   \r\n            <div class=\"clinet-abimg\"><img decoding=\"async\" src=\"https:\/\/caglagogusbeautystudio.com\/wp-content\/uploads\/2026\/04\/4.png\" alt=\"https:\/\/caglagogusbeautystudio.com\/wp-content\/uploads\/2026\/04\/4.png\">  <\/div>\r\n        <\/div>\r\n\r\n    <\/div>\r\n\r\n<\/div>\r\n<\/div>\r\n<\/section>\r\n\r\n\r\n\r\n<!-- client-area-end -->\r\n\t\t\t\t<\/div>\n\t\t\t\t<\/div>\n\t\t\t\t<div class=\"elementor-element elementor-element-5966e78 elementor-widget elementor-widget-Elementor-About-widget\" data-id=\"5966e78\" data-element_type=\"widget\" data-e-type=\"widget\" data-widget_type=\"Elementor-About-widget.default\">\n\t\t\t\t<div class=\"elementor-widget-container\">\n\t\t\t\t\t<!-- about-area -->\n\n\n\n<section id=\"about1\" class=\"about-area about-p pt-110 pb-110 p-relative\">\n<div class=\"container\">\n    <div class=\"row\">\n         <div class=\"col-lg-6 col-md-12 col-sm-12 pr-30\">\n            <div class=\"s-about-img p-relative\">\n                 <img decoding=\"async\" src=\"https:\/\/caglagogusbeautystudio.com\/wp-content\/uploads\/2026\/04\/889.png\" alt=\"https:\/\/caglagogusbeautystudio.com\/wp-content\/uploads\/2026\/04\/889.png\">     \n            <\/div>                          \n        <\/div>                        \n    <div class=\"col-lg-6 col-md-12 col-sm-12\">\n            <div class=\"about-content s-about-content\">\n                <div class=\"about-title second-atitle pb-25\">   \n                    <h2>G\u00fczelli\u011fin Sanatla Bulu\u015ftu\u011fu Yer<\/h2>                                   \n                    <div class=\"line mb-30\">  <img decoding=\"async\" src=\"https:\/\/wpdemo.zcubethemes.com\/luxia\/wp-content\/uploads\/2021\/03\/circle_right.png\" alt=\"https:\/\/wpdemo.zcubethemes.com\/luxia\/wp-content\/uploads\/2021\/03\/circle_right.png\"> <\/div>\n                    <div class=\"title-strong\">Sizde var olan <span>g\u00fczelli\u011fi<\/span> ortaya \u00e7\u0131kar\u0131yoruz<\/div>\n                <\/div>\n                     <p>\u00c7a\u011fla G\u00f6\u011f\u00fc\u015f Beauty, kal\u0131c\u0131 makyaj ve ileri seviye g\u00fczellik uygulamalar\u0131nda do\u011fal esteti\u011fi, sanatsal bak\u0131\u015f a\u00e7\u0131s\u0131n\u0131 ve profesyonel uzmanl\u0131\u011f\u0131 bir araya getiren \u00f6zel bir g\u00fczellik st\u00fcdyosudur.<\/p>\n                                <p>St\u00fcdyonun kurucusu \u00c7a\u011fla G\u00f6\u011f\u00fc\u015f, uluslararas\u0131 alanda tan\u0131nan PhiAcademy b\u00fcnyesinde ald\u0131\u011f\u0131 profesyonel e\u011fitimler ile kal\u0131c\u0131 makyaj sanat\u0131n\u0131 bilimsel teknikler ve estetik tasar\u0131m anlay\u0131\u015f\u0131yla birle\u015ftirmi\u015ftir.<\/p>\n\n    <div class=\"about-content3\">\n                                    <div class=\"row\">\n                                    <div class=\"col-md-6\">\n                                     <ul class=\"green\">\n                                               <li>Uluslararas\u0131 E\u011fitim ve Uzmanl\u0131k<\/li>\n                                                <li>Ki\u015fiye \u00d6zel Tasar\u0131m Anlay\u0131\u015f\u0131<\/li>            \n                                           <\/ul>\n                                    <\/div>\n                                    <div class=\"col-md-6\">\n                                     <ul class=\"green\">\n                                               <li>Do\u011fal ve Estetik Sonu\u00e7lar<\/li>\n                                                <li>Hijyen ve Kalite Standartlar\u0131<\/li>\n                                             \n                                           <\/ul>\n                                    <\/div>\n                                    <\/div>\n                                    \n                                \n                                <\/div>\n                                                   \n               <div class=\"slider-btn mt-20\">                                          \n                <a href=\"https:\/\/api.whatsapp.com\/send\/?phone=905551234567&#038;text&#038;type=phone_number&#038;app_absent=0\" class=\"btn ss-btn\"><i class=\"fas fa-angle-right btn-icon mr-1\"><\/i> Daha Fazlas\u0131<\/a>\t\t\t\t\t\n                        <\/div>\n            <\/div>\n        <\/div>                     \n    <\/div>\n<\/div>\n<\/section>\n\n\n\n<!-- about-area-end -->\t\t\t\t<\/div>\n\t\t\t\t<\/div>\n\t\t\t\t<div class=\"elementor-element elementor-element-0b88f8f elementor-widget elementor-widget-Elementor-client-widget\" data-id=\"0b88f8f\" data-element_type=\"widget\" data-e-type=\"widget\" data-widget_type=\"Elementor-client-widget.default\">\n\t\t\t\t<div class=\"elementor-widget-container\">\n\t\t\t\t\t\r\n\r\n\r\n\r\n<!-- client-area -->\r\n\r\n\r\n<section id=\"client\" class=\"about-area about-p pt-120 pb-120 p-relative\">\r\n<div class=\"container\">\r\n<div class=\"row align-items-center\">                                                \r\n<div class=\"col-lg-6 col-md-12 col-sm-12\">\r\n        <div class=\"about-content s-about-content\">\r\n            <div class=\"about-title second-atitle pb-40\">    \r\n                <h2>Misyonumuz<\/h2>\r\n                 <span class=\"line\"> <img decoding=\"async\" src=\"https:\/\/wpdemo.zcubethemes.com\/luxia\/wp-content\/uploads\/2021\/03\/circle_right2.png\" alt=\"https:\/\/wpdemo.zcubethemes.com\/luxia\/wp-content\/uploads\/2021\/03\/circle_right2.png\"><\/span>\r\n                <p>Her dan\u0131\u015fan\u0131m\u0131z\u0131n do\u011fal g\u00fczelli\u011fini \u00f6n plana \u00e7\u0131karan, y\u00fcz hatlar\u0131yla uyumlu ve estetik a\u00e7\u0131dan dengeli uygulamalar sunmay\u0131 temel ilkemiz olarak benimsiyoruz. Ki\u015fiye \u00f6zel planlanan i\u015flemlerle, do\u011fal g\u00f6r\u00fcn\u00fcm\u00fc koruyarak en iyi sonucu elde etmeyi hedefliyor; dan\u0131\u015fanlar\u0131m\u0131z\u0131n kendilerini daha \u00f6zg\u00fcvenli ve iyi hissetmelerini sa\u011fl\u0131yoruz. G\u00fczellik anlay\u0131\u015f\u0131m\u0131zda do\u011fall\u0131k, sadelik ve profesyonellik her zaman \u00f6n planda yer almaktad\u0131r.<\/p>\n\n<p>Bilimsel teknikler, kaliteli \u00fcr\u00fcnler ve hijyenik \u00e7al\u0131\u015fma standartlar\u0131 ile dan\u0131\u015fanlar\u0131m\u0131za g\u00fcvenli, konforlu ve y\u00fcksek memnuniyet sa\u011flayan bir deneyim sunuyoruz. Ayn\u0131 zamanda sekt\u00f6rde bilgi payla\u015f\u0131m\u0131n\u0131 destekleyerek e\u011fitimler, profesyonel geli\u015fim ve yenilik\u00e7i uygulamalarla kal\u0131c\u0131 makyaj sanat\u0131n\u0131n geli\u015fimine katk\u0131da bulunmay\u0131 ama\u00e7l\u0131yoruz. S\u00fcrekli kendini yenileyen yap\u0131m\u0131zla, hem dan\u0131\u015fanlar\u0131m\u0131za en g\u00fcncel hizmetleri sunmay\u0131 hem de sekt\u00f6re de\u011fer katmay\u0131 hedefliyoruz.<\/p>            <\/div>                    \r\n            <div class=\"row ab-coutner text-center\">\r\n                <div class=\"col-lg-6 col-md-6\">\r\n                    <div class=\"single-counter\" style=\"background-image: url(https:\/\/wpdemo.zcubethemes.com\/luxia\/wp-content\/uploads\/2021\/03\/count-bx-bg.png); background-repeat: no-repeat;background-position: center bottom;\">\t\r\n                        <div class=\"counter p-relative\">\r\n                            <span class=\"count\">4871<\/span><small>+<\/small>                                   \r\n                        <\/div>\r\n                        <p>Dan\u0131\u015fan\u0131m\u0131z<\/p>                                \r\n                    <\/div>\r\n                <\/div>\r\n                <div class=\"col-lg-6 col-md-6\">\r\n                <div class=\"single-counter mt-30\" style=\"background-image: url(https:\/\/wpdemo.zcubethemes.com\/luxia\/wp-content\/uploads\/2021\/03\/count-bx-bg.png); background-repeat: no-repeat;background-position: center bottom;\">\t\r\n                        <div class=\"counter p-relative\">\r\n                            <span class=\"count\">8798<\/span><small>+<\/small>                                   \r\n                        <\/div>\r\n                        <p>Memnuniyet<\/p>\r\n                    <\/div>\r\n                <\/div>\r\n            <\/div>                      \r\n        <\/div>\r\n    <\/div>\r\n     <div class=\"col-lg-6 col-md-12 col-sm-12 pr-30\">\r\n        <div class=\"s-about-img p-relative\">\r\n              <img decoding=\"async\" src=\"https:\/\/caglagogusbeautystudio.com\/wp-content\/uploads\/2026\/04\/35.png\" alt=\"https:\/\/caglagogusbeautystudio.com\/wp-content\/uploads\/2026\/04\/35.png\">   \r\n            <div class=\"clinet-abimg\"><img decoding=\"async\" src=\"https:\/\/caglagogusbeautystudio.com\/wp-content\/uploads\/2026\/04\/9.png\" alt=\"https:\/\/caglagogusbeautystudio.com\/wp-content\/uploads\/2026\/04\/9.png\">  <\/div>\r\n        <\/div>\r\n\r\n    <\/div>\r\n\r\n<\/div>\r\n<\/div>\r\n<\/section>\r\n\r\n\r\n\r\n<!-- client-area-end -->\r\n\t\t\t\t<\/div>\n\t\t\t\t<\/div>\n\t\t\t\t\t<\/div>\n\t\t<\/div>\n\t\t\t\t\t<\/div>\n\t\t<\/section>\n\t\t\t\t<section class=\"elementor-section elementor-top-section elementor-element elementor-element-9130a20 elementor-section-full_width elementor-section-height-default elementor-section-height-default\" data-id=\"9130a20\" data-element_type=\"section\" data-e-type=\"section\" data-settings=\"{&quot;background_background&quot;:&quot;classic&quot;}\">\n\t\t\t\t\t\t<div class=\"elementor-container elementor-column-gap-no\">\n\t\t\t\t\t<div class=\"elementor-column elementor-col-100 elementor-top-column elementor-element elementor-element-4122fd1\" data-id=\"4122fd1\" data-element_type=\"column\" data-e-type=\"column\">\n\t\t\t<div class=\"elementor-widget-wrap elementor-element-populated\">\n\t\t\t\t\t\t<div class=\"elementor-element elementor-element-b0f44fb elementor-widget elementor-widget-Elementor-testimonial\" data-id=\"b0f44fb\" data-element_type=\"widget\" data-e-type=\"widget\" data-widget_type=\"Elementor-testimonial.default\">\n\t\t\t\t<div class=\"elementor-widget-container\">\n\t\t\t\t\t\r\n\r\n<!-- testimonial-area -->\r\n\r\n<section class=\"testimonial-area pt-120 pb-120 p-relative fix\">\r\n <div class=\"test-an-01\"><img decoding=\"async\" src=\"https:\/\/caglagogusbeautystudio.com\/wp-content\/uploads\/2026\/04\/555.png\" alt=\"https:\/\/caglagogusbeautystudio.com\/wp-content\/uploads\/2026\/04\/555.png\"><\/div>\r\n<div class=\"test-an-02\"><img decoding=\"async\" src=\"https:\/\/wpdemo.zcubethemes.com\/luxia\/wp-content\/uploads\/2021\/03\/test-an-02.png\" alt=\"https:\/\/wpdemo.zcubethemes.com\/luxia\/wp-content\/uploads\/2021\/03\/test-an-02.png\"><\/div>\r\n<div class=\"container\">\r\n    <div class=\"row\">\r\n        <div class=\"col-lg-12\">\r\n            <div class=\"section-title center-align mb-50 text-center\">                               \r\n                <h2>\r\n                  M\u00fc\u015fterilerimizin G\u00f6r\u00fc\u015fleri                <\/h2>\r\n                <span class=\"line5\"> <img decoding=\"async\" src=\"https:\/\/wpdemo.zcubethemes.com\/luxia\/wp-content\/uploads\/2021\/03\/circle_left-1.png\" alt=\"https:\/\/wpdemo.zcubethemes.com\/luxia\/wp-content\/uploads\/2021\/03\/circle_left-1.png\"><\/span>                             \r\n            <\/div>                           \r\n        <\/div>                        \r\n        <div class=\"col-lg-12\">\r\n            <div class=\"testimonial-active2\">\r\n                                                    <div class=\"single-testimonial text-center\">\r\n                    <div class=\"qt-img wow fadeInDown  animated\" data-delay=\".4s\">\r\n                    <img decoding=\"async\" src=\"https:\/\/wpdemo.zcubethemes.com\/luxia\/wp-content\/uploads\/2021\/03\/qt-icon-2.png\" alt=\"https:\/\/wpdemo.zcubethemes.com\/luxia\/wp-content\/uploads\/2021\/03\/qt-icon-2.png\">\r\n                    <\/div>\r\n                    <p class=\" wow fadeInUp  animated\">\u00c7a\u011fla G\u00f6\u011f\u00fc\u015f G\u00fczellik Merkezi\u2019ni tercih etti\u011fim i\u00e7in ger\u00e7ekten \u00e7ok memnunum. \u0130lk girdi\u011fim andan itibaren hem ortam\u0131n hijyenine hem de profesyonelli\u011fe verilen \u00f6nemi net bir \u015fekilde hissediyorsunuz. \u00c7a\u011fla Han\u0131m\u2019\u0131n ilgisi, detaylara verdi\u011fi \u00f6nem ve yapt\u0131\u011f\u0131 i\u015flemler s\u0131ras\u0131nda s\u00fcrekli bilgilendirmesi bana \u00e7ok g\u00fcven verdi. Uygulama s\u00fcreci boyunca olduk\u00e7a rahat hissettim ve sonu\u00e7 beklentimin de \u00fczerinde oldu. Do\u011fal g\u00f6r\u00fcn\u00fcm\u00fc bozmadan yap\u0131lan i\u015flemler ger\u00e7ekten b\u00fcy\u00fck fark yarat\u0131yor. Art\u0131k d\u00fczenli olarak gelmeyi d\u00fc\u015f\u00fcn\u00fcyorum.<\/p>\r\n                     <div class=\"test-line\">\r\n                        <img decoding=\"async\" src=\"https:\/\/wpdemo.zcubethemes.com\/luxia\/wp-content\/uploads\/2021\/03\/test-line-2.png\" alt=\"https:\/\/wpdemo.zcubethemes.com\/luxia\/wp-content\/uploads\/2021\/03\/test-line-2.png\"> \r\n                    <\/div>\r\n                    <div class=\"testi-author\">\r\n                        <img decoding=\"async\" src=\"https:\/\/caglagogusbeautystudio.com\/wp-content\/uploads\/2026\/04\/750.png\" alt=\"\">\r\n                        <div class=\"ta-info\">\r\n                             <h6>Tahsine K\u0131l\u0131\u00e7<\/h6>\r\n                                <span>Ev Han\u0131m\u0131<\/span>\r\n                        <\/div>\r\n                    <\/div>                                   \r\n                <\/div>\r\n                            <div class=\"single-testimonial text-center\">\r\n                    <div class=\"qt-img wow fadeInDown  animated\" data-delay=\".4s\">\r\n                    <img decoding=\"async\" src=\"https:\/\/wpdemo.zcubethemes.com\/luxia\/wp-content\/uploads\/2021\/03\/qt-icon-2.png\" alt=\"https:\/\/wpdemo.zcubethemes.com\/luxia\/wp-content\/uploads\/2021\/03\/qt-icon-2.png\">\r\n                    <\/div>\r\n                    <p class=\" wow fadeInUp  animated\">Uzun zamand\u0131r kal\u0131c\u0131 makyaj yapt\u0131rmak istiyordum ama a\u00e7\u0131k\u00e7as\u0131 \u00e7ekiniyordum. \u00c7a\u011fla G\u00f6\u011f\u00fc\u015f G\u00fczellik Merkezi ile tan\u0131\u015ft\u0131ktan sonra t\u00fcm endi\u015felerim ortadan kalkt\u0131. \u00c7a\u011fla Han\u0131m hem \u00e7ok ilgili hem de i\u015finde ger\u00e7ekten uzman biri. \u0130\u015flem \u00f6ncesi detayl\u0131 a\u00e7\u0131klamalar yapmas\u0131 ve beklentilerimi dinlemesi benim i\u00e7in \u00e7ok \u00f6nemliydi. Sonu\u00e7 ise tam istedi\u011fim gibi, do\u011fal ve y\u00fcz\u00fcme \u00e7ok yak\u0131\u015fan bir g\u00f6r\u00fcn\u00fcm oldu. G\u00f6n\u00fcl rahatl\u0131\u011f\u0131yla herkese tavsiye edebilece\u011fim bir yer.<\/p>\r\n                     <div class=\"test-line\">\r\n                        <img decoding=\"async\" src=\"https:\/\/wpdemo.zcubethemes.com\/luxia\/wp-content\/uploads\/2021\/03\/test-line-2.png\" alt=\"https:\/\/wpdemo.zcubethemes.com\/luxia\/wp-content\/uploads\/2021\/03\/test-line-2.png\"> \r\n                    <\/div>\r\n                    <div class=\"testi-author\">\r\n                        <img decoding=\"async\" src=\"https:\/\/caglagogusbeautystudio.com\/wp-content\/uploads\/2026\/04\/750.png\" alt=\"\">\r\n                        <div class=\"ta-info\">\r\n                             <h6>Ay\u00e7a Soyt\u00fcrk<\/h6>\r\n                                <span>Sekreter<\/span>\r\n                        <\/div>\r\n                    <\/div>                                   \r\n                <\/div>\r\n                            <div class=\"single-testimonial text-center\">\r\n                    <div class=\"qt-img wow fadeInDown  animated\" data-delay=\".4s\">\r\n                    <img decoding=\"async\" src=\"https:\/\/wpdemo.zcubethemes.com\/luxia\/wp-content\/uploads\/2021\/03\/qt-icon-2.png\" alt=\"https:\/\/wpdemo.zcubethemes.com\/luxia\/wp-content\/uploads\/2021\/03\/qt-icon-2.png\">\r\n                    <\/div>\r\n                    <p class=\" wow fadeInUp  animated\">\u00c7a\u011fla G\u00f6\u011f\u00fc\u015f G\u00fczellik Merkezi\u2019ne arkada\u015f\u0131m\u0131n tavsiyesiyle gittim ve iyi ki gitmi\u015fim diyorum. Ortam\u0131n temizli\u011fi, kullan\u0131lan \u00fcr\u00fcnlerin kalitesi ve \u00e7al\u0131\u015fanlar\u0131n g\u00fcler y\u00fczl\u00fc yakla\u015f\u0131m\u0131 ger\u00e7ekten \u00e7ok etkileyici. \u00d6zellikle \u00c7a\u011fla Han\u0131m\u2019\u0131n profesyonelli\u011fi ve i\u015fine olan \u00f6zeni her detayda kendini belli ediyor. Yap\u0131lan i\u015flemler sonras\u0131nda hem kendime olan g\u00fcvenim artt\u0131 hem de aynaya bakt\u0131\u011f\u0131mda \u00e7ok daha iyi hissediyorum. Bundan sonra g\u00fczellik ile ilgili t\u00fcm i\u015flemlerimde ilk tercih edece\u011fim yer buras\u0131 olacak.<\/p>\r\n                     <div class=\"test-line\">\r\n                        <img decoding=\"async\" src=\"https:\/\/wpdemo.zcubethemes.com\/luxia\/wp-content\/uploads\/2021\/03\/test-line-2.png\" alt=\"https:\/\/wpdemo.zcubethemes.com\/luxia\/wp-content\/uploads\/2021\/03\/test-line-2.png\"> \r\n                    <\/div>\r\n                    <div class=\"testi-author\">\r\n                        <img decoding=\"async\" src=\"https:\/\/caglagogusbeautystudio.com\/wp-content\/uploads\/2026\/04\/750.png\" alt=\"\">\r\n                        <div class=\"ta-info\">\r\n                             <h6>Leyla Sevimli<\/h6>\r\n                                <span>Model<\/span>\r\n                        <\/div>\r\n                    <\/div>                                   \r\n                <\/div>\r\n                                 \r\n            <\/div>\r\n        <\/div>\r\n    <\/div>\r\n<\/div>\r\n<\/section>\r\n\r\n\r\n<!-- testimonial-area-end -->\t\t\t\t<\/div>\n\t\t\t\t<\/div>\n\t\t\t\t\t<\/div>\n\t\t<\/div>\n\t\t\t\t\t<\/div>\n\t\t<\/section>\n\t\t\t\t<\/div>\n\t\t","protected":false},"excerpt":{"rendered":"","protected":false},"author":2,"featured_media":0,"parent":0,"menu_order":0,"comment_status":"closed","ping_status":"closed","template":"inside.php","meta":{"footnotes":""},"class_list":["post-19","page","type-page","status-publish","hentry"],"_links":{"self":[{"href":"https:\/\/caglagogusbeautystudio.com\/index.php?rest_route=\/wp\/v2\/pages\/19","targetHints":{"allow":["GET"]}}],"collection":[{"href":"https:\/\/caglagogusbeautystudio.com\/index.php?rest_route=\/wp\/v2\/pages"}],"about":[{"href":"https:\/\/caglagogusbeautystudio.com\/index.php?rest_route=\/wp\/v2\/types\/page"}],"author":[{"embeddable":true,"href":"https:\/\/caglagogusbeautystudio.com\/index.php?rest_route=\/wp\/v2\/users\/2"}],"replies":[{"embeddable":true,"href":"https:\/\/caglagogusbeautystudio.com\/index.php?rest_route=%2Fwp%2Fv2%2Fcomments&post=19"}],"version-history":[{"count":5,"href":"https:\/\/caglagogusbeautystudio.com\/index.php?rest_route=\/wp\/v2\/pages\/19\/revisions"}],"predecessor-version":[{"id":2920,"href":"https:\/\/caglagogusbeautystudio.com\/index.php?rest_route=\/wp\/v2\/pages\/19\/revisions\/2920"}],"wp:attachment":[{"href":"https:\/\/caglagogusbeautystudio.com\/index.php?rest_route=%2Fwp%2Fv2%2Fmedia&parent=19"}],"curies":[{"name":"wp","href":"https:\/\/api.w.org\/{rel}","templated":true}]}}